{"id":15332,"date":"2021-03-04T15:15:07","date_gmt":"2021-03-04T14:15:07","guid":{"rendered":"https:\/\/soziolinguistika.eus\/?post_type=albistaria&#038;p=15332"},"modified":"2021-03-08T17:19:43","modified_gmt":"2021-03-08T16:19:43","slug":"73-zenbakia-2020ko-otsailak-20-martxoak-4","status":"publish","type":"albistaria","link":"https:\/\/soziolinguistika.eus\/en\/albistaria\/73-zenbakia-2020ko-otsailak-20-martxoak-4\/","title":{"rendered":"73. ZENBAKIA"},"content":{"rendered":"<section class=\"l-section wpb_row height_medium\"><div class=\"l-section-h i-cf\"><div class=\"g-cols vc_row via_flex valign_top type_default stacking_default\"><div class=\"vc_col-sm-12 wpb_column vc_column_container\"><div class=\"vc_column-inner\"><div class=\"wpb_wrapper\"><div class=\"wpb_text_column\"><div class=\"wpb_wrapper\"><p>1 73. zenbakia 2020ko otsailak 20 \u2013 martxoak 4 \u2014 Soziolinguistika Klusterreko albisteak 2020-2023 hausnarketa estrategikoaren baitako lan-saio zabala Soziolinguistika Klusterraren lau urterako norabidea diseinatzen ari da erakundea bere barneko eta inguruko harreman sareko kideekin batera. Pasa den ostegunean, otsailaren 27an, lan saio zabala antolatu zen Martin Ugalde Kultur Parkean prozesu honen baitan. HIGA2020!: Hizkuntza Gutxituetako Hiztun Gazteen III. Topaketa aurkeztu dute HIGA 2020, Hizkuntza Gutxituetako Hiztun Gazteen Hirugarren Topaketa, Gasteizen egingo dute irailaren 6tik 9ra. Gaur goizean prentsaurrekoa egin dute, Oihanederren Euskararen Etxean, ekimena aurkezteko, Ama Hizkuntzaren Nazioarteko Egunaren bezpera dela aprobetxatuz&#8230;. \u2014 Ikerketak Hizkuntza-muden ikerketa kualitatiboa EuskarAbenturako lehen espedizioan (EuskarAbentura) EuskarAbenturako orain arteko bi espedizioetan (2018 eta 2019) xerpa lanetan aritutako Izaro Arrutik \u201cHizkuntza jarrerak eta praktikak gazte euskaldunen artean: Hizkuntza-muden ikerketa kualitatiboa EuskarAbentura espedizioan\u201d izeneko lana aurkez&#8230; 2 73. zenbakia 2020ko otsailak 20 \u2013 martxoak 4 Euskadiko Autonomia Erkidegoko 25 urtetik beherako gazteen % 34k dute euskara ama-hizkuntza (Eusko Jaurlaritza) Gipuzkoa da euskara ama-hizkuntza bakarra edo ama-hizkuntzetako bat duten gazteen kopuru handiena duen lurraldea: % 51,53. UNESCOk otsailaren 21ean ezarri zuen Ama-hizkuntzaren Nazioarteko Eguna. \u2014 Jardunaldi, hitzaldi eta ikastaroak Soziolinguistikari buruzko master bat ematen hasiko da EHU irailean (Berria) Lau aditu titulu izango dira: administrazioa, arlo ez-formala, sozioekonomikoa eta euskalduntzea. Soziolinguistika Klusterreko ikerlariak ere irakasle izango dira. BERBETAN jardunaldiak: Euskararen erabileraren inguruko gogoetak Ermuan (Topagunea) Aurreko urteetan bezala, martxoa eta apirila bitartean Berbetan Jardunaldiak egingo dira Ermuan. Duela hogei ta bat urte, 1999ean, antolatzen hasi zen ekimen honetan euskararen ezagutza eta erabilerarekin zerikusia duten zenbait gairen inguruko hitzaldi e&#8230; Euskararen Transmisioari buruzko 10. mintegia egingo da Eibarren (Topagunea) Euskararen Transmisioari buruzko 10. mintegia egingo da Eibarren. Egitarau oparoa prestatu du Eta Kitto! bazkideak. Anima zaitez! Eman izena! \u201cNola adostu talde batean Euskaraldiaren hizkuntza-praktika berriak?\u201d Mintegia (Topagunea) Osteguna, martxoak 26, Dulantzin, 9:30-13:30. 25 euro. Eman izena hemen:https:\/\/lautadaneuskaraz.eus\/egitasmoak\/mintegia2020\/. Zergatik mintegi hau?2016tik Euskal Herrian egindako ariketetan ondo esperimentatu dugu norberaren hizkuntza ohiturak ez direla &#8230; Maddi Sarasua: Euskara klase perspektibatik (Sustatu) Sustatu Podcastarem 20.05 alea. 2020. urteko 5. podcasta, otsailaren 19an grabatua, baina egun pare batera prozesatua. Zumaiako Udalaren Euskara Zerbitzuak hizkuntzaren inguruko hitzaldi zikloa antolatu ohi du urtero (Euskara, bestela ez gara-2020), eta aur&#8230; 3 73. zenbakia 2020ko otsailak 20 \u2013 martxoak 4 \u2014 Liburuak eta artikulu zientifikoak Hacia un enfoque multiling\u00fce en la pol\u00edtica ling\u00fcistica: la educaci\u00f3n y el mundo laboral (Cahiers internationaux de sociolinguistique) Cet article analyse les nouvelles tendances dans l\u2019\u00e9tude du multilinguisme et son influence potentielle sur l\u2019\u00e9volution de la politique linguistique dans deux domaines : l\u2019\u00e9ducation et le monde du travail. Les po&#8230; La comunicaci\u00f3n digital empresarial de las empresas privadas del Pa\u00eds Vasco: uso y evoluci\u00f3n del euskera entre 2013 y 2017 \u2013 Angeri\u00f1e Elorriaga, Maialen Goirizelaia, Amaia Garc\u00eda (Revista Llengua i Dret) Internet ha supuesto el mayor logro tecnol\u00f3gico desde la revoluci\u00f3n industrial y ha sido el detonante de una revoluci\u00f3n en la sociedad, que ha cambiado la manera de comunicarnos. Las redes sociales son el m\u00e1ximo exponente de un estilo nue&#8230; Korsikeraren gaineko zenbaki berria, Hizkuntzaren Soziologiaren Nazioarteko Aldizkarian (International Journal of the Sociology of Language) Special Issue: Corsican language: between past and future challenges. This special issue is dedicated to articles taking stock of the situation of the Corsican language and the contributions of Corsicas sociolingui&#8230; Dokumenturen bat edo informazio bibliografiko gehiago nahi izanez gero, jo zuzenean HABE Liburutegira (liburutegi@habe.eus), beraiek arduratuko baitira zure eskaria bideratzen. \u2014 Bestelako albisteak Eusko Ikaskuntza-LABORAL Kutxa Saria 2020 (Eusko Ikaskuntza) Eusko Ikaskuntza-LABORAL Kutxako Humanitateak, Kultura, Arteak eta Gizarte Zientzien 2020 Sarirako hautagaiak onartzeko epea zabaldu da. Sari ospetsu honek, aipatu alorretako curriculum hoberenak eta Euskal Herriaren garapenari egindako ekarpena ha&#8230; 4 73. zenbakia 2020ko otsailak 20 \u2013 martxoak 4 Mother language day 2020: Celebrating cross-border languages for peaceful dialogue (Unesco) UNESCO is celebrating \u2018Languages without borders\u2019 for International Mother Language Day 2020 on 21 February. Local, cross-border languages can promote peaceful dialogue and help to preserve indigenous heritage. Cultural and linguistic diversity are key f&#8230; Babeslea: Bazkide partaidea:<\/p>\n<\/div><\/div><\/div><\/div><\/div><\/div><\/div><\/section>\n","protected":false},"excerpt":{"rendered":"1 73. zenbakia 2020ko otsailak 20 \u2013 martxoak 4 \u2014 Soziolinguistika Klusterreko albisteak 2020-2023 hausnarketa estrategikoaren baitako lan-saio zabala Soziolinguistika Klusterraren lau urterako norabidea diseinatzen ari da erakundea bere barneko eta inguruko harreman sareko kideekin batera. Pasa den ostegunean, otsailaren 27an, lan saio zabala antolatu zen Martin Ugalde Kultur Parkean prozesu honen baitan. HIGA2020!: Hizkuntza...","protected":false},"featured_media":0,"template":"","class_list":["post-15332","albistaria","type-albistaria","status-publish","hentry"],"acf":[],"yoast_head":"<!-- This site is optimized with the Yoast SEO plugin v27.3 - https:\/\/yoast.com\/product\/yoast-seo-wordpress\/ -->\n<title>73. ZENBAKIA - Soziolinguistika Klusterra<\/title>\n<meta name=\"robots\" content=\"index, follow, max-snippet:-1, max-image-preview:large, max-video-preview:-1\" \/>\n<link rel=\"canonical\" href=\"https:\/\/soziolinguistika.eus\/en\/albistaria\/73-zenbakia-2020ko-otsailak-20-martxoak-4\/\" \/>\n<meta property=\"og:locale\" content=\"en_US\" \/>\n<meta property=\"og:type\" content=\"article\" \/>\n<meta property=\"og:title\" content=\"73. ZENBAKIA - Soziolinguistika Klusterra\" \/>\n<meta property=\"og:url\" content=\"https:\/\/soziolinguistika.eus\/en\/albistaria\/73-zenbakia-2020ko-otsailak-20-martxoak-4\/\" \/>\n<meta property=\"og:site_name\" content=\"Soziolinguistika Klusterra\" \/>\n<meta property=\"article:modified_time\" content=\"2021-03-08T16:19:43+00:00\" \/>\n<meta name=\"twitter:card\" content=\"summary_large_image\" \/>\n<meta name=\"twitter:label1\" content=\"Est. reading time\" \/>\n\t<meta name=\"twitter:data1\" content=\"3 minutes\" \/>\n<script type=\"application\/ld+json\" class=\"yoast-schema-graph\">{\"@context\":\"https:\\\/\\\/schema.org\",\"@graph\":[{\"@type\":\"WebPage\",\"@id\":\"https:\\\/\\\/soziolinguistika.eus\\\/en\\\/albistaria\\\/73-zenbakia-2020ko-otsailak-20-martxoak-4\\\/\",\"url\":\"https:\\\/\\\/soziolinguistika.eus\\\/en\\\/albistaria\\\/73-zenbakia-2020ko-otsailak-20-martxoak-4\\\/\",\"name\":\"73. ZENBAKIA - Soziolinguistika Klusterra\",\"isPartOf\":{\"@id\":\"https:\\\/\\\/soziolinguistika.eus\\\/en\\\/#website\"},\"datePublished\":\"2021-03-04T14:15:07+00:00\",\"dateModified\":\"2021-03-08T16:19:43+00:00\",\"breadcrumb\":{\"@id\":\"https:\\\/\\\/soziolinguistika.eus\\\/en\\\/albistaria\\\/73-zenbakia-2020ko-otsailak-20-martxoak-4\\\/#breadcrumb\"},\"inLanguage\":\"en-US\",\"potentialAction\":[{\"@type\":\"ReadAction\",\"target\":[\"https:\\\/\\\/soziolinguistika.eus\\\/en\\\/albistaria\\\/73-zenbakia-2020ko-otsailak-20-martxoak-4\\\/\"]}]},{\"@type\":\"BreadcrumbList\",\"@id\":\"https:\\\/\\\/soziolinguistika.eus\\\/en\\\/albistaria\\\/73-zenbakia-2020ko-otsailak-20-martxoak-4\\\/#breadcrumb\",\"itemListElement\":[{\"@type\":\"ListItem\",\"position\":1,\"name\":\"Soziolinguistika klusterra\",\"item\":\"https:\\\/\\\/soziolinguistika.eus\\\/en\\\/\"},{\"@type\":\"ListItem\",\"position\":2,\"name\":\"73. ZENBAKIA\"}]},{\"@type\":\"WebSite\",\"@id\":\"https:\\\/\\\/soziolinguistika.eus\\\/en\\\/#website\",\"url\":\"https:\\\/\\\/soziolinguistika.eus\\\/en\\\/\",\"name\":\"Soziolinguistika Klusterra\",\"description\":\"Euskara biziberritzeko ikergunea\",\"potentialAction\":[{\"@type\":\"SearchAction\",\"target\":{\"@type\":\"EntryPoint\",\"urlTemplate\":\"https:\\\/\\\/soziolinguistika.eus\\\/en\\\/?s={search_term_string}\"},\"query-input\":{\"@type\":\"PropertyValueSpecification\",\"valueRequired\":true,\"valueName\":\"search_term_string\"}}],\"inLanguage\":\"en-US\"}]}<\/script>\n<!-- \/ Yoast SEO plugin. -->","yoast_head_json":{"title":"73. ZENBAKIA - Soziolinguistika Klusterra","robots":{"index":"index","follow":"follow","max-snippet":"max-snippet:-1","max-image-preview":"max-image-preview:large","max-video-preview":"max-video-preview:-1"},"canonical":"https:\/\/soziolinguistika.eus\/en\/albistaria\/73-zenbakia-2020ko-otsailak-20-martxoak-4\/","og_locale":"en_US","og_type":"article","og_title":"73. ZENBAKIA - Soziolinguistika Klusterra","og_url":"https:\/\/soziolinguistika.eus\/en\/albistaria\/73-zenbakia-2020ko-otsailak-20-martxoak-4\/","og_site_name":"Soziolinguistika Klusterra","article_modified_time":"2021-03-08T16:19:43+00:00","twitter_card":"summary_large_image","twitter_misc":{"Est. reading time":"3 minutes"},"schema":{"@context":"https:\/\/schema.org","@graph":[{"@type":"WebPage","@id":"https:\/\/soziolinguistika.eus\/en\/albistaria\/73-zenbakia-2020ko-otsailak-20-martxoak-4\/","url":"https:\/\/soziolinguistika.eus\/en\/albistaria\/73-zenbakia-2020ko-otsailak-20-martxoak-4\/","name":"73. ZENBAKIA - Soziolinguistika Klusterra","isPartOf":{"@id":"https:\/\/soziolinguistika.eus\/en\/#website"},"datePublished":"2021-03-04T14:15:07+00:00","dateModified":"2021-03-08T16:19:43+00:00","breadcrumb":{"@id":"https:\/\/soziolinguistika.eus\/en\/albistaria\/73-zenbakia-2020ko-otsailak-20-martxoak-4\/#breadcrumb"},"inLanguage":"en-US","potentialAction":[{"@type":"ReadAction","target":["https:\/\/soziolinguistika.eus\/en\/albistaria\/73-zenbakia-2020ko-otsailak-20-martxoak-4\/"]}]},{"@type":"BreadcrumbList","@id":"https:\/\/soziolinguistika.eus\/en\/albistaria\/73-zenbakia-2020ko-otsailak-20-martxoak-4\/#breadcrumb","itemListElement":[{"@type":"ListItem","position":1,"name":"Soziolinguistika klusterra","item":"https:\/\/soziolinguistika.eus\/en\/"},{"@type":"ListItem","position":2,"name":"73. ZENBAKIA"}]},{"@type":"WebSite","@id":"https:\/\/soziolinguistika.eus\/en\/#website","url":"https:\/\/soziolinguistika.eus\/en\/","name":"Soziolinguistika Klusterra","description":"Euskara biziberritzeko ikergunea","potentialAction":[{"@type":"SearchAction","target":{"@type":"EntryPoint","urlTemplate":"https:\/\/soziolinguistika.eus\/en\/?s={search_term_string}"},"query-input":{"@type":"PropertyValueSpecification","valueRequired":true,"valueName":"search_term_string"}}],"inLanguage":"en-US"}]}},"_links":{"self":[{"href":"https:\/\/soziolinguistika.eus\/en\/wp-json\/wp\/v2\/albistaria\/15332","targetHints":{"allow":["GET"]}}],"collection":[{"href":"https:\/\/soziolinguistika.eus\/en\/wp-json\/wp\/v2\/albistaria"}],"about":[{"href":"https:\/\/soziolinguistika.eus\/en\/wp-json\/wp\/v2\/types\/albistaria"}],"wp:attachment":[{"href":"https:\/\/soziolinguistika.eus\/en\/wp-json\/wp\/v2\/media?parent=15332"}],"curies":[{"name":"wp","href":"https:\/\/api.w.org\/{rel}","templated":true}]}}

<section class="l-section wpb_row height_medium"><div class="l-section-h i-cf"><div class="g-cols vc_row via_flex valign_top type_default stacking_default"><div class="vc_col-sm-12 wpb_column vc_column_container"><div class="vc_column-inner"><div class="wpb_wrapper"><div class="wpb_text_column"><div class="wpb_wrapper"><p>1 73. zenbakia 2020ko otsailak 20 – martxoak 4 — Soziolinguistika Klusterreko albisteak 2020-2023 hausnarketa estrategikoaren baitako lan-saio zabala Soziolinguistika Klusterraren lau urterako norabidea diseinatzen ari da erakundea bere barneko eta inguruko harreman sareko kideekin batera. Pasa den ostegunean, otsailaren 27an, lan saio zabala antolatu zen Martin Ugalde Kultur Parkean prozesu honen baitan. HIGA2020!: Hizkuntza Gutxituetako Hiztun Gazteen III. Topaketa aurkeztu dute HIGA 2020, Hizkuntza Gutxituetako Hiztun Gazteen Hirugarren Topaketa, Gasteizen egingo dute irailaren 6tik 9ra. Gaur goizean prentsaurrekoa egin dute, Oihanederren Euskararen Etxean, ekimena aurkezteko, Ama Hizkuntzaren Nazioarteko Egunaren bezpera dela aprobetxatuz&#8230;. — Ikerketak Hizkuntza-muden ikerketa kualitatiboa EuskarAbenturako lehen espedizioan (EuskarAbentura) EuskarAbenturako orain arteko bi espedizioetan (2018 eta 2019) xerpa lanetan aritutako Izaro Arrutik “Hizkuntza jarrerak eta praktikak gazte euskaldunen artean: Hizkuntza-muden ikerketa kualitatiboa EuskarAbentura espedizioan” izeneko lana aurkez&#8230; 2 73. zenbakia 2020ko otsailak 20 – martxoak 4 Euskadiko Autonomia Erkidegoko 25 urtetik beherako gazteen % 34k dute euskara ama-hizkuntza (Eusko Jaurlaritza) Gipuzkoa da euskara ama-hizkuntza bakarra edo ama-hizkuntzetako bat duten gazteen kopuru handiena duen lurraldea: % 51,53. UNESCOk otsailaren 21ean ezarri zuen Ama-hizkuntzaren Nazioarteko Eguna. — Jardunaldi, hitzaldi eta ikastaroak Soziolinguistikari buruzko master bat ematen hasiko da EHU irailean (Berria) Lau aditu titulu izango dira: administrazioa, arlo ez-formala, sozioekonomikoa eta euskalduntzea. Soziolinguistika Klusterreko ikerlariak ere irakasle izango dira. BERBETAN jardunaldiak: Euskararen erabileraren inguruko gogoetak Ermuan (Topagunea) Aurreko urteetan bezala, martxoa eta apirila bitartean Berbetan Jardunaldiak egingo dira Ermuan. Duela hogei ta bat urte, 1999ean, antolatzen hasi zen ekimen honetan euskararen ezagutza eta erabilerarekin zerikusia duten zenbait gairen inguruko hitzaldi e&#8230; Euskararen Transmisioari buruzko 10. mintegia egingo da Eibarren (Topagunea) Euskararen Transmisioari buruzko 10. mintegia egingo da Eibarren. Egitarau oparoa prestatu du Eta Kitto! bazkideak. Anima zaitez! Eman izena! “Nola adostu talde batean Euskaraldiaren hizkuntza-praktika berriak?” Mintegia (Topagunea) Osteguna, martxoak 26, Dulantzin, 9:30-13:30. 25 euro. Eman izena hemen:https://lautadaneuskaraz.eus/egitasmoak/mintegia2020/. Zergatik mintegi hau?2016tik Euskal Herrian egindako ariketetan ondo esperimentatu dugu norberaren hizkuntza ohiturak ez direla &#8230; Maddi Sarasua: Euskara klase perspektibatik (Sustatu) Sustatu Podcastarem 20.05 alea. 2020. urteko 5. podcasta, otsailaren 19an grabatua, baina egun pare batera prozesatua. Zumaiako Udalaren Euskara Zerbitzuak hizkuntzaren inguruko hitzaldi zikloa antolatu ohi du urtero (Euskara, bestela ez gara-2020), eta aur&#8230; 3 73. zenbakia 2020ko otsailak 20 – martxoak 4 — Liburuak eta artikulu zientifikoak Hacia un enfoque multilingüe en la política lingüistica: la educación y el mundo laboral (Cahiers internationaux de sociolinguistique) Cet article analyse les nouvelles tendances dans l’étude du multilinguisme et son influence potentielle sur l’évolution de la politique linguistique dans deux domaines : l’éducation et le monde du travail. Les po&#8230; La comunicación digital empresarial de las empresas privadas del País Vasco: uso y evolución del euskera entre 2013 y 2017 – Angeriñe Elorriaga, Maialen Goirizelaia, Amaia García (Revista Llengua i Dret) Internet ha supuesto el mayor logro tecnológico desde la revolución industrial y ha sido el detonante de una revolución en la sociedad, que ha cambiado la manera de comunicarnos. Las redes sociales son el máximo exponente de un estilo nue&#8230; Korsikeraren gaineko zenbaki berria, Hizkuntzaren Soziologiaren Nazioarteko Aldizkarian (International Journal of the Sociology of Language) Special Issue: Corsican language: between past and future challenges. This special issue is dedicated to articles taking stock of the situation of the Corsican language and the contributions of Corsicas sociolingui&#8230; Dokumenturen bat edo informazio bibliografiko gehiago nahi izanez gero, jo zuzenean HABE Liburutegira (liburutegi@habe.eus), beraiek arduratuko baitira zure eskaria bideratzen. — Bestelako albisteak Eusko Ikaskuntza-LABORAL Kutxa Saria 2020 (Eusko Ikaskuntza) Eusko Ikaskuntza-LABORAL Kutxako Humanitateak, Kultura, Arteak eta Gizarte Zientzien 2020 Sarirako hautagaiak onartzeko epea zabaldu da. Sari ospetsu honek, aipatu alorretako curriculum hoberenak eta Euskal Herriaren garapenari egindako ekarpena ha&#8230; 4 73. zenbakia 2020ko otsailak 20 – martxoak 4 Mother language day 2020: Celebrating cross-border languages for peaceful dialogue (Unesco) UNESCO is celebrating ‘Languages without borders’ for International Mother Language Day 2020 on 21 February. Local, cross-border languages can promote peaceful dialogue and help to preserve indigenous heritage. Cultural and linguistic diversity are key f&#8230; Babeslea: Bazkide partaidea:</p>
</div></div></div></div></div></div></div></section>
