{"id":23740,"date":"2022-05-10T13:50:49","date_gmt":"2022-05-10T12:50:49","guid":{"rendered":"https:\/\/soziolinguistika.eus\/ekitaldia\/seminario-aragones-de-sociolinguistica-2\/"},"modified":"2022-05-10T13:50:49","modified_gmt":"2022-05-10T12:50:49","slug":"seminario-aragones-de-sociolinguistica-2","status":"publish","type":"ekitaldia","link":"https:\/\/soziolinguistika.eus\/en\/ekitaldia\/seminario-aragones-de-sociolinguistica-2\/","title":{"rendered":"Seminario aragon\u00e9s de socioling\u00fc\u00edstica"},"content":{"rendered":"<p>We are a group of sociologists working on the study of the two minority languages native to Aragon: Catalan and Aragonese. We have conducted three pieces of research so far: a study of the 2011 census analysing the number of speakers of each of the two languages, a report on the uses of the native languages in the election campaigns run by the political parties, and we have collaborated in the use of a survey in the area of Catalan (2014).<br \/>\n&nbsp;<br \/>\nGiven that Aragon in a multilingual and multicultural region, this cultural reality involves complex, social realities. That is why the group of sociologists and sociolinguists is channelling its effort, firstly, towards exploring and disseminating the situation of these two languages in Aragon, and secondly, towards organising meetings, lectures and courses designed to teach study techniques in the field of sociology and sociolinguistics.<br \/>\n&nbsp;<br \/>\nThe group is sensitive to the impact of public policies on Aragon&rsquo;s bilingual communities: the Catalan and Aragonese-speaking communities, and is working to gather knowledge about Aragon&rsquo;s sociolinguistic situation as it is totally subject to the rights stipulated by the legislation. The purpose is to get the current and future management of multilingualism to reflect the cultural and linguistic diversity of Aragon in a much more respectful way.<\/p>\n","protected":false},"excerpt":{"rendered":"<p>We are a group of sociologists working on the study of the two minority languages native to Aragon: Catalan and Aragonese. We have conducted three pieces of research so far: a study of the 2011 census analysing the number of speakers of each of the two languages, a report on the uses of the native&#8230;<\/p>\n","protected":false},"featured_media":0,"template":"","class_list":["post-23740","ekitaldia","type-ekitaldia","status-publish","hentry"],"acf":[],"yoast_head":"<!-- This site is optimized with the Yoast SEO plugin v27.3 - https:\/\/yoast.com\/product\/yoast-seo-wordpress\/ -->\n<title>Seminario aragon\u00e9s de socioling\u00fc\u00edstica - Soziolinguistika Klusterra<\/title>\n<meta name=\"robots\" content=\"index, follow, max-snippet:-1, max-image-preview:large, max-video-preview:-1\" \/>\n<link rel=\"canonical\" href=\"https:\/\/soziolinguistika.eus\/en\/ekitaldia\/seminario-aragones-de-sociolinguistica-2\/\" \/>\n<meta property=\"og:locale\" content=\"en_US\" \/>\n<meta property=\"og:type\" content=\"article\" \/>\n<meta property=\"og:title\" content=\"Seminario aragon\u00e9s de socioling\u00fc\u00edstica - Soziolinguistika Klusterra\" \/>\n<meta property=\"og:description\" content=\"We are a group of sociologists working on the study of the two minority languages native to Aragon: Catalan and Aragonese. We have conducted three pieces of research so far: a study of the 2011 census analysing the number of speakers of each of the two languages, a report on the uses of the native...\" \/>\n<meta property=\"og:url\" content=\"https:\/\/soziolinguistika.eus\/en\/ekitaldia\/seminario-aragones-de-sociolinguistica-2\/\" \/>\n<meta property=\"og:site_name\" content=\"Soziolinguistika Klusterra\" \/>\n<meta name=\"twitter:card\" content=\"summary_large_image\" \/>\n<meta name=\"twitter:label1\" content=\"Est. reading time\" \/>\n\t<meta name=\"twitter:data1\" content=\"1 minute\" \/>\n<script type=\"application\/ld+json\" class=\"yoast-schema-graph\">{\"@context\":\"https:\\\/\\\/schema.org\",\"@graph\":[{\"@type\":\"WebPage\",\"@id\":\"https:\\\/\\\/soziolinguistika.eus\\\/en\\\/ekitaldia\\\/seminario-aragones-de-sociolinguistica-2\\\/\",\"url\":\"https:\\\/\\\/soziolinguistika.eus\\\/en\\\/ekitaldia\\\/seminario-aragones-de-sociolinguistica-2\\\/\",\"name\":\"Seminario aragon\u00e9s de socioling\u00fc\u00edstica - Soziolinguistika Klusterra\",\"isPartOf\":{\"@id\":\"https:\\\/\\\/soziolinguistika.eus\\\/en\\\/#website\"},\"datePublished\":\"2022-05-10T12:50:49+00:00\",\"breadcrumb\":{\"@id\":\"https:\\\/\\\/soziolinguistika.eus\\\/en\\\/ekitaldia\\\/seminario-aragones-de-sociolinguistica-2\\\/#breadcrumb\"},\"inLanguage\":\"en-US\",\"potentialAction\":[{\"@type\":\"ReadAction\",\"target\":[\"https:\\\/\\\/soziolinguistika.eus\\\/en\\\/ekitaldia\\\/seminario-aragones-de-sociolinguistica-2\\\/\"]}]},{\"@type\":\"BreadcrumbList\",\"@id\":\"https:\\\/\\\/soziolinguistika.eus\\\/en\\\/ekitaldia\\\/seminario-aragones-de-sociolinguistica-2\\\/#breadcrumb\",\"itemListElement\":[{\"@type\":\"ListItem\",\"position\":1,\"name\":\"Soziolinguistika klusterra\",\"item\":\"https:\\\/\\\/soziolinguistika.eus\\\/en\\\/\"},{\"@type\":\"ListItem\",\"position\":2,\"name\":\"Seminario aragon\u00e9s de socioling\u00fc\u00edstica\"}]},{\"@type\":\"WebSite\",\"@id\":\"https:\\\/\\\/soziolinguistika.eus\\\/en\\\/#website\",\"url\":\"https:\\\/\\\/soziolinguistika.eus\\\/en\\\/\",\"name\":\"Soziolinguistika Klusterra\",\"description\":\"Euskara biziberritzeko ikergunea\",\"potentialAction\":[{\"@type\":\"SearchAction\",\"target\":{\"@type\":\"EntryPoint\",\"urlTemplate\":\"https:\\\/\\\/soziolinguistika.eus\\\/en\\\/?s={search_term_string}\"},\"query-input\":{\"@type\":\"PropertyValueSpecification\",\"valueRequired\":true,\"valueName\":\"search_term_string\"}}],\"inLanguage\":\"en-US\"}]}<\/script>\n<!-- \/ Yoast SEO plugin. -->","yoast_head_json":{"title":"Seminario aragon\u00e9s de socioling\u00fc\u00edstica - Soziolinguistika Klusterra","robots":{"index":"index","follow":"follow","max-snippet":"max-snippet:-1","max-image-preview":"max-image-preview:large","max-video-preview":"max-video-preview:-1"},"canonical":"https:\/\/soziolinguistika.eus\/en\/ekitaldia\/seminario-aragones-de-sociolinguistica-2\/","og_locale":"en_US","og_type":"article","og_title":"Seminario aragon\u00e9s de socioling\u00fc\u00edstica - Soziolinguistika Klusterra","og_description":"We are a group of sociologists working on the study of the two minority languages native to Aragon: Catalan and Aragonese. We have conducted three pieces of research so far: a study of the 2011 census analysing the number of speakers of each of the two languages, a report on the uses of the native...","og_url":"https:\/\/soziolinguistika.eus\/en\/ekitaldia\/seminario-aragones-de-sociolinguistica-2\/","og_site_name":"Soziolinguistika Klusterra","twitter_card":"summary_large_image","twitter_misc":{"Est. reading time":"1 minute"},"schema":{"@context":"https:\/\/schema.org","@graph":[{"@type":"WebPage","@id":"https:\/\/soziolinguistika.eus\/en\/ekitaldia\/seminario-aragones-de-sociolinguistica-2\/","url":"https:\/\/soziolinguistika.eus\/en\/ekitaldia\/seminario-aragones-de-sociolinguistica-2\/","name":"Seminario aragon\u00e9s de socioling\u00fc\u00edstica - Soziolinguistika Klusterra","isPartOf":{"@id":"https:\/\/soziolinguistika.eus\/en\/#website"},"datePublished":"2022-05-10T12:50:49+00:00","breadcrumb":{"@id":"https:\/\/soziolinguistika.eus\/en\/ekitaldia\/seminario-aragones-de-sociolinguistica-2\/#breadcrumb"},"inLanguage":"en-US","potentialAction":[{"@type":"ReadAction","target":["https:\/\/soziolinguistika.eus\/en\/ekitaldia\/seminario-aragones-de-sociolinguistica-2\/"]}]},{"@type":"BreadcrumbList","@id":"https:\/\/soziolinguistika.eus\/en\/ekitaldia\/seminario-aragones-de-sociolinguistica-2\/#breadcrumb","itemListElement":[{"@type":"ListItem","position":1,"name":"Soziolinguistika klusterra","item":"https:\/\/soziolinguistika.eus\/en\/"},{"@type":"ListItem","position":2,"name":"Seminario aragon\u00e9s de socioling\u00fc\u00edstica"}]},{"@type":"WebSite","@id":"https:\/\/soziolinguistika.eus\/en\/#website","url":"https:\/\/soziolinguistika.eus\/en\/","name":"Soziolinguistika Klusterra","description":"Euskara biziberritzeko ikergunea","potentialAction":[{"@type":"SearchAction","target":{"@type":"EntryPoint","urlTemplate":"https:\/\/soziolinguistika.eus\/en\/?s={search_term_string}"},"query-input":{"@type":"PropertyValueSpecification","valueRequired":true,"valueName":"search_term_string"}}],"inLanguage":"en-US"}]}},"_links":{"self":[{"href":"https:\/\/soziolinguistika.eus\/en\/wp-json\/wp\/v2\/ekitaldia\/23740","targetHints":{"allow":["GET"]}}],"collection":[{"href":"https:\/\/soziolinguistika.eus\/en\/wp-json\/wp\/v2\/ekitaldia"}],"about":[{"href":"https:\/\/soziolinguistika.eus\/en\/wp-json\/wp\/v2\/types\/ekitaldia"}],"wp:attachment":[{"href":"https:\/\/soziolinguistika.eus\/en\/wp-json\/wp\/v2\/media?parent=23740"}],"curies":[{"name":"wp","href":"https:\/\/api.w.org\/{rel}","templated":true}]}}

Seminario aragonés de sociolingüística

<!-- This site is optimized with the Yoast SEO plugin v27.3 - https://yoast.com/product/yoast-seo-wordpress/ -->
<title>Seminario aragonés de sociolingüística - Soziolinguistika Klusterra</title>
<meta name="robots" content="index, follow, max-snippet:-1, max-image-preview:large, max-video-preview:-1" />
<link rel="canonical" href="https://soziolinguistika.eus/en/ekitaldia/seminario-aragones-de-sociolinguistica-2/" />
<meta property="og:locale" content="en_US" />
<meta property="og:type" content="article" />
<meta property="og:title" content="Seminario aragonés de sociolingüística - Soziolinguistika Klusterra" />
<meta property="og:description" content="We are a group of sociologists working on the study of the two minority languages native to Aragon: Catalan and Aragonese. We have conducted three pieces of research so far: a study of the 2011 census analysing the number of speakers of each of the two languages, a report on the uses of the native..." />
<meta property="og:url" content="https://soziolinguistika.eus/en/ekitaldia/seminario-aragones-de-sociolinguistica-2/" />
<meta property="og:site_name" content="Soziolinguistika Klusterra" />
<meta name="twitter:card" content="summary_large_image" />
<meta name="twitter:label1" content="Est. reading time" />
	<meta name="twitter:data1" content="1 minute" />
<script type="application/ld+json" class="yoast-schema-graph">{"@context":"https:\/\/schema.org","@graph":[{"@type":"WebPage","@id":"https:\/\/soziolinguistika.eus\/en\/ekitaldia\/seminario-aragones-de-sociolinguistica-2\/","url":"https:\/\/soziolinguistika.eus\/en\/ekitaldia\/seminario-aragones-de-sociolinguistica-2\/","name":"Seminario aragonés de sociolingüística - Soziolinguistika Klusterra","isPartOf":{"@id":"https:\/\/soziolinguistika.eus\/en\/#website"},"datePublished":"2022-05-10T12:50:49+00:00","breadcrumb":{"@id":"https:\/\/soziolinguistika.eus\/en\/ekitaldia\/seminario-aragones-de-sociolinguistica-2\/#breadcrumb"},"inLanguage":"en-US","potentialAction":[{"@type":"ReadAction","target":["https:\/\/soziolinguistika.eus\/en\/ekitaldia\/seminario-aragones-de-sociolinguistica-2\/"]}]},{"@type":"BreadcrumbList","@id":"https:\/\/soziolinguistika.eus\/en\/ekitaldia\/seminario-aragones-de-sociolinguistica-2\/#breadcrumb","itemListElement":[{"@type":"ListItem","position":1,"name":"Soziolinguistika klusterra","item":"https:\/\/soziolinguistika.eus\/en\/"},{"@type":"ListItem","position":2,"name":"Seminario aragonés de sociolingüística"}]},{"@type":"WebSite","@id":"https:\/\/soziolinguistika.eus\/en\/#website","url":"https:\/\/soziolinguistika.eus\/en\/","name":"Soziolinguistika Klusterra","description":"Euskara biziberritzeko ikergunea","potentialAction":[{"@type":"SearchAction","target":{"@type":"EntryPoint","urlTemplate":"https:\/\/soziolinguistika.eus\/en\/?s={search_term_string}"},"query-input":{"@type":"PropertyValueSpecification","valueRequired":true,"valueName":"search_term_string"}}],"inLanguage":"en-US"}]}</script>
<!-- / Yoast SEO plugin. -->

Seminario aragonés de sociolingüística - Soziolinguistika Klusterra
