{"id":23739,"date":"2022-05-10T13:50:47","date_gmt":"2022-05-10T12:50:47","guid":{"rendered":"https:\/\/soziolinguistika.eus\/ekitaldia\/seminario-aragones-de-sociolinguistica-2\/"},"modified":"2022-05-10T13:50:47","modified_gmt":"2022-05-10T12:50:47","slug":"seminario-aragones-de-sociolinguistica-2","status":"publish","type":"ekitaldia","link":"https:\/\/soziolinguistika.eus\/es\/ekitaldia\/seminario-aragones-de-sociolinguistica-2\/","title":{"rendered":"Seminario aragon\u00e9s de socioling\u00fc\u00edstica"},"content":{"rendered":"<p>Se trata de un seminario de soci&oacute;logos que trabajamos en el &aacute;mbito de estudio de las dos lenguas minoritarias propias de Arag&oacute;n, el catal&aacute;n y el aragon&eacute;s. Hemos realizado hasta el momento tres investigaciones: un an&aacute;lisis del censo 2011 en el que se analiza el n&uacute;mero de hablantes de las dos lenguas, un informe de los usos de las lenguas propias en la campa&ntilde;a electoral por parte de los partidos pol&iacute;ticos y hemos colaborado en la explotaci&oacute;n de una encuesta en el &aacute;mbito del catal&aacute;n (2014).<br \/>\n&nbsp;<br \/>\nDado que Arag&oacute;n es un territorio pluriling&uuml;e y pluricultural, esta realidad cultural implica realidades sociales complejas. Por ello, el seminario de soci&oacute;logos y socioling&uuml;istas dedica su esfuerzo, por un parte, a investigar y divulgar la situaci&oacute;n de las dos mencionadas lenguas en Arag&oacute;n y, por otra parte, a realizar encuentros, conferencias y cursos con el objetivo de ense&ntilde;ar t&eacute;cnicas de estudio del &aacute;mbito de la sociolog&iacute;a y la socioling&uuml;&iacute;stica.<br \/>\n&nbsp;<br \/>\nEl seminario es sensible al impacto de las pol&iacute;ticas p&uacute;blicas en las comunidades biling&uuml;es de Arag&oacute;n: La del catal&aacute;n y la del aragon&eacute;s, y trabaja para generar conocimiento sobre la situaci&oacute;n socioling&uuml;&iacute;stica de Arag&oacute;n &ndash;debido a que esta se encuentra absolutamente sujeta a los derechos regulados por la legislaci&oacute;n&ndash; para conseguir que la gesti&oacute;n actual y futura del pluriling&uuml;ismo refleje mucho m&aacute;s respetuosamente la diversidad cultural y ling&uuml;&iacute;stica aragonesa.<\/p>\n","protected":false},"excerpt":{"rendered":"<p>Se trata de un seminario de soci&oacute;logos que trabajamos en el &aacute;mbito de estudio de las dos lenguas minoritarias propias de Arag&oacute;n, el catal&aacute;n y el aragon&eacute;s. Hemos realizado hasta el momento tres investigaciones: un an&aacute;lisis del censo 2011 en el que se analiza el n&uacute;mero de hablantes de las dos lenguas, un informe de&#8230;<\/p>\n","protected":false},"featured_media":0,"template":"","class_list":["post-23739","ekitaldia","type-ekitaldia","status-publish","hentry"],"acf":[],"yoast_head":"<!-- This site is optimized with the Yoast SEO plugin v27.3 - https:\/\/yoast.com\/product\/yoast-seo-wordpress\/ -->\n<title>Seminario aragon\u00e9s de socioling\u00fc\u00edstica - Soziolinguistika Klusterra<\/title>\n<meta name=\"robots\" content=\"index, follow, max-snippet:-1, max-image-preview:large, max-video-preview:-1\" \/>\n<link rel=\"canonical\" href=\"https:\/\/soziolinguistika.eus\/es\/ekitaldia\/seminario-aragones-de-sociolinguistica-2\/\" \/>\n<meta property=\"og:locale\" content=\"es_ES\" \/>\n<meta property=\"og:type\" content=\"article\" \/>\n<meta property=\"og:title\" content=\"Seminario aragon\u00e9s de socioling\u00fc\u00edstica - Soziolinguistika Klusterra\" \/>\n<meta property=\"og:description\" content=\"Se trata de un seminario de soci&oacute;logos que trabajamos en el &aacute;mbito de estudio de las dos lenguas minoritarias propias de Arag&oacute;n, el catal&aacute;n y el aragon&eacute;s. Hemos realizado hasta el momento tres investigaciones: un an&aacute;lisis del censo 2011 en el que se analiza el n&uacute;mero de hablantes de las dos lenguas, un informe de...\" \/>\n<meta property=\"og:url\" content=\"https:\/\/soziolinguistika.eus\/es\/ekitaldia\/seminario-aragones-de-sociolinguistica-2\/\" \/>\n<meta property=\"og:site_name\" content=\"Soziolinguistika Klusterra\" \/>\n<meta name=\"twitter:card\" content=\"summary_large_image\" \/>\n<meta name=\"twitter:label1\" content=\"Tiempo de lectura\" \/>\n\t<meta name=\"twitter:data1\" content=\"2 minutos\" \/>\n<script type=\"application\/ld+json\" class=\"yoast-schema-graph\">{\"@context\":\"https:\\\/\\\/schema.org\",\"@graph\":[{\"@type\":\"WebPage\",\"@id\":\"https:\\\/\\\/soziolinguistika.eus\\\/es\\\/ekitaldia\\\/seminario-aragones-de-sociolinguistica-2\\\/\",\"url\":\"https:\\\/\\\/soziolinguistika.eus\\\/es\\\/ekitaldia\\\/seminario-aragones-de-sociolinguistica-2\\\/\",\"name\":\"Seminario aragon\u00e9s de socioling\u00fc\u00edstica - Soziolinguistika Klusterra\",\"isPartOf\":{\"@id\":\"https:\\\/\\\/soziolinguistika.eus\\\/es\\\/#website\"},\"datePublished\":\"2022-05-10T12:50:47+00:00\",\"breadcrumb\":{\"@id\":\"https:\\\/\\\/soziolinguistika.eus\\\/es\\\/ekitaldia\\\/seminario-aragones-de-sociolinguistica-2\\\/#breadcrumb\"},\"inLanguage\":\"es\",\"potentialAction\":[{\"@type\":\"ReadAction\",\"target\":[\"https:\\\/\\\/soziolinguistika.eus\\\/es\\\/ekitaldia\\\/seminario-aragones-de-sociolinguistica-2\\\/\"]}]},{\"@type\":\"BreadcrumbList\",\"@id\":\"https:\\\/\\\/soziolinguistika.eus\\\/es\\\/ekitaldia\\\/seminario-aragones-de-sociolinguistica-2\\\/#breadcrumb\",\"itemListElement\":[{\"@type\":\"ListItem\",\"position\":1,\"name\":\"Soziolinguistika klusterra\",\"item\":\"https:\\\/\\\/soziolinguistika.eus\\\/es\\\/\"},{\"@type\":\"ListItem\",\"position\":2,\"name\":\"Seminario aragon\u00e9s de socioling\u00fc\u00edstica\"}]},{\"@type\":\"WebSite\",\"@id\":\"https:\\\/\\\/soziolinguistika.eus\\\/es\\\/#website\",\"url\":\"https:\\\/\\\/soziolinguistika.eus\\\/es\\\/\",\"name\":\"Soziolinguistika Klusterra\",\"description\":\"Euskara biziberritzeko ikergunea\",\"potentialAction\":[{\"@type\":\"SearchAction\",\"target\":{\"@type\":\"EntryPoint\",\"urlTemplate\":\"https:\\\/\\\/soziolinguistika.eus\\\/es\\\/?s={search_term_string}\"},\"query-input\":{\"@type\":\"PropertyValueSpecification\",\"valueRequired\":true,\"valueName\":\"search_term_string\"}}],\"inLanguage\":\"es\"}]}<\/script>\n<!-- \/ Yoast SEO plugin. -->","yoast_head_json":{"title":"Seminario aragon\u00e9s de socioling\u00fc\u00edstica - Soziolinguistika Klusterra","robots":{"index":"index","follow":"follow","max-snippet":"max-snippet:-1","max-image-preview":"max-image-preview:large","max-video-preview":"max-video-preview:-1"},"canonical":"https:\/\/soziolinguistika.eus\/es\/ekitaldia\/seminario-aragones-de-sociolinguistica-2\/","og_locale":"es_ES","og_type":"article","og_title":"Seminario aragon\u00e9s de socioling\u00fc\u00edstica - Soziolinguistika Klusterra","og_description":"Se trata de un seminario de soci&oacute;logos que trabajamos en el &aacute;mbito de estudio de las dos lenguas minoritarias propias de Arag&oacute;n, el catal&aacute;n y el aragon&eacute;s. Hemos realizado hasta el momento tres investigaciones: un an&aacute;lisis del censo 2011 en el que se analiza el n&uacute;mero de hablantes de las dos lenguas, un informe de...","og_url":"https:\/\/soziolinguistika.eus\/es\/ekitaldia\/seminario-aragones-de-sociolinguistica-2\/","og_site_name":"Soziolinguistika Klusterra","twitter_card":"summary_large_image","twitter_misc":{"Tiempo de lectura":"2 minutos"},"schema":{"@context":"https:\/\/schema.org","@graph":[{"@type":"WebPage","@id":"https:\/\/soziolinguistika.eus\/es\/ekitaldia\/seminario-aragones-de-sociolinguistica-2\/","url":"https:\/\/soziolinguistika.eus\/es\/ekitaldia\/seminario-aragones-de-sociolinguistica-2\/","name":"Seminario aragon\u00e9s de socioling\u00fc\u00edstica - Soziolinguistika Klusterra","isPartOf":{"@id":"https:\/\/soziolinguistika.eus\/es\/#website"},"datePublished":"2022-05-10T12:50:47+00:00","breadcrumb":{"@id":"https:\/\/soziolinguistika.eus\/es\/ekitaldia\/seminario-aragones-de-sociolinguistica-2\/#breadcrumb"},"inLanguage":"es","potentialAction":[{"@type":"ReadAction","target":["https:\/\/soziolinguistika.eus\/es\/ekitaldia\/seminario-aragones-de-sociolinguistica-2\/"]}]},{"@type":"BreadcrumbList","@id":"https:\/\/soziolinguistika.eus\/es\/ekitaldia\/seminario-aragones-de-sociolinguistica-2\/#breadcrumb","itemListElement":[{"@type":"ListItem","position":1,"name":"Soziolinguistika klusterra","item":"https:\/\/soziolinguistika.eus\/es\/"},{"@type":"ListItem","position":2,"name":"Seminario aragon\u00e9s de socioling\u00fc\u00edstica"}]},{"@type":"WebSite","@id":"https:\/\/soziolinguistika.eus\/es\/#website","url":"https:\/\/soziolinguistika.eus\/es\/","name":"Soziolinguistika Klusterra","description":"Euskara biziberritzeko ikergunea","potentialAction":[{"@type":"SearchAction","target":{"@type":"EntryPoint","urlTemplate":"https:\/\/soziolinguistika.eus\/es\/?s={search_term_string}"},"query-input":{"@type":"PropertyValueSpecification","valueRequired":true,"valueName":"search_term_string"}}],"inLanguage":"es"}]}},"_links":{"self":[{"href":"https:\/\/soziolinguistika.eus\/es\/wp-json\/wp\/v2\/ekitaldia\/23739","targetHints":{"allow":["GET"]}}],"collection":[{"href":"https:\/\/soziolinguistika.eus\/es\/wp-json\/wp\/v2\/ekitaldia"}],"about":[{"href":"https:\/\/soziolinguistika.eus\/es\/wp-json\/wp\/v2\/types\/ekitaldia"}],"wp:attachment":[{"href":"https:\/\/soziolinguistika.eus\/es\/wp-json\/wp\/v2\/media?parent=23739"}],"curies":[{"name":"wp","href":"https:\/\/api.w.org\/{rel}","templated":true}]}}

Seminario aragonés de sociolingüística

<!-- This site is optimized with the Yoast SEO plugin v27.3 - https://yoast.com/product/yoast-seo-wordpress/ -->
<title>Seminario aragonés de sociolingüística - Soziolinguistika Klusterra</title>
<meta name="robots" content="index, follow, max-snippet:-1, max-image-preview:large, max-video-preview:-1" />
<link rel="canonical" href="https://soziolinguistika.eus/es/ekitaldia/seminario-aragones-de-sociolinguistica-2/" />
<meta property="og:locale" content="es_ES" />
<meta property="og:type" content="article" />
<meta property="og:title" content="Seminario aragonés de sociolingüística - Soziolinguistika Klusterra" />
<meta property="og:description" content="Se trata de un seminario de soci&oacute;logos que trabajamos en el &aacute;mbito de estudio de las dos lenguas minoritarias propias de Arag&oacute;n, el catal&aacute;n y el aragon&eacute;s. Hemos realizado hasta el momento tres investigaciones: un an&aacute;lisis del censo 2011 en el que se analiza el n&uacute;mero de hablantes de las dos lenguas, un informe de..." />
<meta property="og:url" content="https://soziolinguistika.eus/es/ekitaldia/seminario-aragones-de-sociolinguistica-2/" />
<meta property="og:site_name" content="Soziolinguistika Klusterra" />
<meta name="twitter:card" content="summary_large_image" />
<meta name="twitter:label1" content="Tiempo de lectura" />
	<meta name="twitter:data1" content="2 minutos" />
<script type="application/ld+json" class="yoast-schema-graph">{"@context":"https:\/\/schema.org","@graph":[{"@type":"WebPage","@id":"https:\/\/soziolinguistika.eus\/es\/ekitaldia\/seminario-aragones-de-sociolinguistica-2\/","url":"https:\/\/soziolinguistika.eus\/es\/ekitaldia\/seminario-aragones-de-sociolinguistica-2\/","name":"Seminario aragonés de sociolingüística - Soziolinguistika Klusterra","isPartOf":{"@id":"https:\/\/soziolinguistika.eus\/es\/#website"},"datePublished":"2022-05-10T12:50:47+00:00","breadcrumb":{"@id":"https:\/\/soziolinguistika.eus\/es\/ekitaldia\/seminario-aragones-de-sociolinguistica-2\/#breadcrumb"},"inLanguage":"es","potentialAction":[{"@type":"ReadAction","target":["https:\/\/soziolinguistika.eus\/es\/ekitaldia\/seminario-aragones-de-sociolinguistica-2\/"]}]},{"@type":"BreadcrumbList","@id":"https:\/\/soziolinguistika.eus\/es\/ekitaldia\/seminario-aragones-de-sociolinguistica-2\/#breadcrumb","itemListElement":[{"@type":"ListItem","position":1,"name":"Soziolinguistika klusterra","item":"https:\/\/soziolinguistika.eus\/es\/"},{"@type":"ListItem","position":2,"name":"Seminario aragonés de sociolingüística"}]},{"@type":"WebSite","@id":"https:\/\/soziolinguistika.eus\/es\/#website","url":"https:\/\/soziolinguistika.eus\/es\/","name":"Soziolinguistika Klusterra","description":"Euskara biziberritzeko ikergunea","potentialAction":[{"@type":"SearchAction","target":{"@type":"EntryPoint","urlTemplate":"https:\/\/soziolinguistika.eus\/es\/?s={search_term_string}"},"query-input":{"@type":"PropertyValueSpecification","valueRequired":true,"valueName":"search_term_string"}}],"inLanguage":"es"}]}</script>
<!-- / Yoast SEO plugin. -->

Seminario aragonés de sociolingüística - Soziolinguistika Klusterra
