{"id":23738,"date":"2022-05-10T13:50:43","date_gmt":"2022-05-10T12:50:43","guid":{"rendered":"https:\/\/soziolinguistika.eus\/ekitaldia\/seminario-aragones-de-sociolinguistica\/"},"modified":"2022-05-10T13:50:44","modified_gmt":"2022-05-10T12:50:44","slug":"seminario-aragones-de-sociolinguistica","status":"publish","type":"ekitaldia","link":"https:\/\/soziolinguistika.eus\/eu\/ekitaldia\/seminario-aragones-de-sociolinguistica\/","title":{"rendered":"Seminario aragon\u00e9s de socioling\u00fc\u00edstica"},"content":{"rendered":"<p>Aragoiko bi hizkuntza propio gutxituen, katalanaren eta aragoieraren, azterketan jarduten duten soziologoen mintegi bat da. Orain arte, hiru ikerketa-lan egin dituzte: bi hizkuntzen hiztun-kopurua zehazteko 2011ko erroldaren azterketa bat, alderdi politikoen tokiko hizkuntza propioen hauteskunde-kanpainako erabilerari buruzko txostena eta katalanaren eremuan egindako inkesta batean parte hartzea (2014).<br \/>\n&nbsp;<br \/>\nAragoi lurralde eleanitza da eta kultura asko bizi dira elkarrekin, eta kultura-errealitate horrek errealitate sozial konplexuak eragiten ditu. Horregatik, bi esparru lantzen dituzte soziologo eta soziolinguisten mintegian: batetik, aipatutako Aragoiko bi hizkuntzen egoera ikertzea eta haren berri ematea, eta, bestetik, soziologiaren eta soziolinguistikaren arloko ikerketa-teknikak erakusteko topaketak, biltzarrak eta ikastaroak egitea.<br \/>\n&nbsp;<br \/>\nAragoiko komunitate elebidunetan &mdash;katalan-hiztunena eta aragoiera-hiztunena&mdash; politika publikoek duten eraginarekiko sentikorra da mintegia. Aragoiko egoera soziolinguistikoaren ezagutza sortzeko lan egiten du, egoera hori oso lotuta baitago legearen araberako eskubideekin, eta eleaniztasunaren oraingo eta etorkizuneko kudeaketak Aragoiko kultura- eta hizkuntza-aniztasuna askoz ere gehiago errespeta dezan lortzea dute helburu.<\/p>\n","protected":false},"excerpt":{"rendered":"<p>Aragoiko bi hizkuntza propio gutxituen, katalanaren eta aragoieraren, azterketan jarduten duten soziologoen mintegi bat da. Orain arte, hiru ikerketa-lan egin dituzte: bi hizkuntzen hiztun-kopurua zehazteko 2011ko erroldaren azterketa bat, alderdi politikoen tokiko hizkuntza propioen hauteskunde-kanpainako erabilerari buruzko txostena eta katalanaren eremuan egindako inkesta batean parte hartzea (2014). &nbsp; Aragoi lurralde eleanitza da eta kultura asko&#8230;<\/p>\n","protected":false},"featured_media":0,"template":"","class_list":["post-23738","ekitaldia","type-ekitaldia","status-publish","hentry"],"acf":[],"yoast_head":"<!-- This site is optimized with the Yoast SEO plugin v27.3 - https:\/\/yoast.com\/product\/yoast-seo-wordpress\/ -->\n<title>Seminario aragon\u00e9s de socioling\u00fc\u00edstica - Soziolinguistika Klusterra<\/title>\n<meta name=\"robots\" content=\"index, follow, max-snippet:-1, max-image-preview:large, max-video-preview:-1\" \/>\n<link rel=\"canonical\" href=\"https:\/\/soziolinguistika.eus\/eu\/ekitaldia\/seminario-aragones-de-sociolinguistica\/\" \/>\n<meta property=\"og:locale\" content=\"en_US\" \/>\n<meta property=\"og:type\" content=\"article\" \/>\n<meta property=\"og:title\" content=\"Seminario aragon\u00e9s de socioling\u00fc\u00edstica - Soziolinguistika Klusterra\" \/>\n<meta property=\"og:description\" content=\"Aragoiko bi hizkuntza propio gutxituen, katalanaren eta aragoieraren, azterketan jarduten duten soziologoen mintegi bat da. Orain arte, hiru ikerketa-lan egin dituzte: bi hizkuntzen hiztun-kopurua zehazteko 2011ko erroldaren azterketa bat, alderdi politikoen tokiko hizkuntza propioen hauteskunde-kanpainako erabilerari buruzko txostena eta katalanaren eremuan egindako inkesta batean parte hartzea (2014). &nbsp; Aragoi lurralde eleanitza da eta kultura asko...\" \/>\n<meta property=\"og:url\" content=\"https:\/\/soziolinguistika.eus\/eu\/ekitaldia\/seminario-aragones-de-sociolinguistica\/\" \/>\n<meta property=\"og:site_name\" content=\"Soziolinguistika Klusterra\" \/>\n<meta property=\"article:modified_time\" content=\"2022-05-10T12:50:44+00:00\" \/>\n<meta name=\"twitter:card\" content=\"summary_large_image\" \/>\n<meta name=\"twitter:label1\" content=\"Est. reading time\" \/>\n\t<meta name=\"twitter:data1\" content=\"1 minutua\" \/>\n<script type=\"application\/ld+json\" class=\"yoast-schema-graph\">{\"@context\":\"https:\\\/\\\/schema.org\",\"@graph\":[{\"@type\":\"WebPage\",\"@id\":\"https:\\\/\\\/soziolinguistika.eus\\\/eu\\\/ekitaldia\\\/seminario-aragones-de-sociolinguistica\\\/\",\"url\":\"https:\\\/\\\/soziolinguistika.eus\\\/eu\\\/ekitaldia\\\/seminario-aragones-de-sociolinguistica\\\/\",\"name\":\"Seminario aragon\u00e9s de socioling\u00fc\u00edstica - Soziolinguistika Klusterra\",\"isPartOf\":{\"@id\":\"https:\\\/\\\/soziolinguistika.eus\\\/eu\\\/#website\"},\"datePublished\":\"2022-05-10T12:50:43+00:00\",\"dateModified\":\"2022-05-10T12:50:44+00:00\",\"breadcrumb\":{\"@id\":\"https:\\\/\\\/soziolinguistika.eus\\\/eu\\\/ekitaldia\\\/seminario-aragones-de-sociolinguistica\\\/#breadcrumb\"},\"inLanguage\":\"eu\",\"potentialAction\":[{\"@type\":\"ReadAction\",\"target\":[\"https:\\\/\\\/soziolinguistika.eus\\\/eu\\\/ekitaldia\\\/seminario-aragones-de-sociolinguistica\\\/\"]}]},{\"@type\":\"BreadcrumbList\",\"@id\":\"https:\\\/\\\/soziolinguistika.eus\\\/eu\\\/ekitaldia\\\/seminario-aragones-de-sociolinguistica\\\/#breadcrumb\",\"itemListElement\":[{\"@type\":\"ListItem\",\"position\":1,\"name\":\"Soziolinguistika klusterra\",\"item\":\"https:\\\/\\\/soziolinguistika.eus\\\/eu\\\/\"},{\"@type\":\"ListItem\",\"position\":2,\"name\":\"Seminario aragon\u00e9s de socioling\u00fc\u00edstica\"}]},{\"@type\":\"WebSite\",\"@id\":\"https:\\\/\\\/soziolinguistika.eus\\\/eu\\\/#website\",\"url\":\"https:\\\/\\\/soziolinguistika.eus\\\/eu\\\/\",\"name\":\"Soziolinguistika Klusterra\",\"description\":\"Euskara biziberritzeko ikergunea\",\"potentialAction\":[{\"@type\":\"SearchAction\",\"target\":{\"@type\":\"EntryPoint\",\"urlTemplate\":\"https:\\\/\\\/soziolinguistika.eus\\\/eu\\\/?s={search_term_string}\"},\"query-input\":{\"@type\":\"PropertyValueSpecification\",\"valueRequired\":true,\"valueName\":\"search_term_string\"}}],\"inLanguage\":\"eu\"}]}<\/script>\n<!-- \/ Yoast SEO plugin. -->","yoast_head_json":{"title":"Seminario aragon\u00e9s de socioling\u00fc\u00edstica - Soziolinguistika Klusterra","robots":{"index":"index","follow":"follow","max-snippet":"max-snippet:-1","max-image-preview":"max-image-preview:large","max-video-preview":"max-video-preview:-1"},"canonical":"https:\/\/soziolinguistika.eus\/eu\/ekitaldia\/seminario-aragones-de-sociolinguistica\/","og_locale":"en_US","og_type":"article","og_title":"Seminario aragon\u00e9s de socioling\u00fc\u00edstica - Soziolinguistika Klusterra","og_description":"Aragoiko bi hizkuntza propio gutxituen, katalanaren eta aragoieraren, azterketan jarduten duten soziologoen mintegi bat da. Orain arte, hiru ikerketa-lan egin dituzte: bi hizkuntzen hiztun-kopurua zehazteko 2011ko erroldaren azterketa bat, alderdi politikoen tokiko hizkuntza propioen hauteskunde-kanpainako erabilerari buruzko txostena eta katalanaren eremuan egindako inkesta batean parte hartzea (2014). &nbsp; Aragoi lurralde eleanitza da eta kultura asko...","og_url":"https:\/\/soziolinguistika.eus\/eu\/ekitaldia\/seminario-aragones-de-sociolinguistica\/","og_site_name":"Soziolinguistika Klusterra","article_modified_time":"2022-05-10T12:50:44+00:00","twitter_card":"summary_large_image","twitter_misc":{"Est. reading time":"1 minutua"},"schema":{"@context":"https:\/\/schema.org","@graph":[{"@type":"WebPage","@id":"https:\/\/soziolinguistika.eus\/eu\/ekitaldia\/seminario-aragones-de-sociolinguistica\/","url":"https:\/\/soziolinguistika.eus\/eu\/ekitaldia\/seminario-aragones-de-sociolinguistica\/","name":"Seminario aragon\u00e9s de socioling\u00fc\u00edstica - Soziolinguistika Klusterra","isPartOf":{"@id":"https:\/\/soziolinguistika.eus\/eu\/#website"},"datePublished":"2022-05-10T12:50:43+00:00","dateModified":"2022-05-10T12:50:44+00:00","breadcrumb":{"@id":"https:\/\/soziolinguistika.eus\/eu\/ekitaldia\/seminario-aragones-de-sociolinguistica\/#breadcrumb"},"inLanguage":"eu","potentialAction":[{"@type":"ReadAction","target":["https:\/\/soziolinguistika.eus\/eu\/ekitaldia\/seminario-aragones-de-sociolinguistica\/"]}]},{"@type":"BreadcrumbList","@id":"https:\/\/soziolinguistika.eus\/eu\/ekitaldia\/seminario-aragones-de-sociolinguistica\/#breadcrumb","itemListElement":[{"@type":"ListItem","position":1,"name":"Soziolinguistika klusterra","item":"https:\/\/soziolinguistika.eus\/eu\/"},{"@type":"ListItem","position":2,"name":"Seminario aragon\u00e9s de socioling\u00fc\u00edstica"}]},{"@type":"WebSite","@id":"https:\/\/soziolinguistika.eus\/eu\/#website","url":"https:\/\/soziolinguistika.eus\/eu\/","name":"Soziolinguistika Klusterra","description":"Euskara biziberritzeko ikergunea","potentialAction":[{"@type":"SearchAction","target":{"@type":"EntryPoint","urlTemplate":"https:\/\/soziolinguistika.eus\/eu\/?s={search_term_string}"},"query-input":{"@type":"PropertyValueSpecification","valueRequired":true,"valueName":"search_term_string"}}],"inLanguage":"eu"}]}},"_links":{"self":[{"href":"https:\/\/soziolinguistika.eus\/eu\/wp-json\/wp\/v2\/ekitaldia\/23738","targetHints":{"allow":["GET"]}}],"collection":[{"href":"https:\/\/soziolinguistika.eus\/eu\/wp-json\/wp\/v2\/ekitaldia"}],"about":[{"href":"https:\/\/soziolinguistika.eus\/eu\/wp-json\/wp\/v2\/types\/ekitaldia"}],"wp:attachment":[{"href":"https:\/\/soziolinguistika.eus\/eu\/wp-json\/wp\/v2\/media?parent=23738"}],"curies":[{"name":"wp","href":"https:\/\/api.w.org\/{rel}","templated":true}]}}

Seminario aragonés de sociolingüística

<!-- This site is optimized with the Yoast SEO plugin v27.3 - https://yoast.com/product/yoast-seo-wordpress/ -->
<title>Seminario aragonés de sociolingüística - Soziolinguistika Klusterra</title>
<meta name="robots" content="index, follow, max-snippet:-1, max-image-preview:large, max-video-preview:-1" />
<link rel="canonical" href="https://soziolinguistika.eus/eu/ekitaldia/seminario-aragones-de-sociolinguistica/" />
<meta property="og:locale" content="en_US" />
<meta property="og:type" content="article" />
<meta property="og:title" content="Seminario aragonés de sociolingüística - Soziolinguistika Klusterra" />
<meta property="og:description" content="Aragoiko bi hizkuntza propio gutxituen, katalanaren eta aragoieraren, azterketan jarduten duten soziologoen mintegi bat da. Orain arte, hiru ikerketa-lan egin dituzte: bi hizkuntzen hiztun-kopurua zehazteko 2011ko erroldaren azterketa bat, alderdi politikoen tokiko hizkuntza propioen hauteskunde-kanpainako erabilerari buruzko txostena eta katalanaren eremuan egindako inkesta batean parte hartzea (2014). &nbsp; Aragoi lurralde eleanitza da eta kultura asko..." />
<meta property="og:url" content="https://soziolinguistika.eus/eu/ekitaldia/seminario-aragones-de-sociolinguistica/" />
<meta property="og:site_name" content="Soziolinguistika Klusterra" />
<meta property="article:modified_time" content="2022-05-10T12:50:44+00:00" />
<meta name="twitter:card" content="summary_large_image" />
<meta name="twitter:label1" content="Est. reading time" />
	<meta name="twitter:data1" content="1 minutua" />
<script type="application/ld+json" class="yoast-schema-graph">{"@context":"https:\/\/schema.org","@graph":[{"@type":"WebPage","@id":"https:\/\/soziolinguistika.eus\/eu\/ekitaldia\/seminario-aragones-de-sociolinguistica\/","url":"https:\/\/soziolinguistika.eus\/eu\/ekitaldia\/seminario-aragones-de-sociolinguistica\/","name":"Seminario aragonés de sociolingüística - Soziolinguistika Klusterra","isPartOf":{"@id":"https:\/\/soziolinguistika.eus\/eu\/#website"},"datePublished":"2022-05-10T12:50:43+00:00","dateModified":"2022-05-10T12:50:44+00:00","breadcrumb":{"@id":"https:\/\/soziolinguistika.eus\/eu\/ekitaldia\/seminario-aragones-de-sociolinguistica\/#breadcrumb"},"inLanguage":"eu","potentialAction":[{"@type":"ReadAction","target":["https:\/\/soziolinguistika.eus\/eu\/ekitaldia\/seminario-aragones-de-sociolinguistica\/"]}]},{"@type":"BreadcrumbList","@id":"https:\/\/soziolinguistika.eus\/eu\/ekitaldia\/seminario-aragones-de-sociolinguistica\/#breadcrumb","itemListElement":[{"@type":"ListItem","position":1,"name":"Soziolinguistika klusterra","item":"https:\/\/soziolinguistika.eus\/eu\/"},{"@type":"ListItem","position":2,"name":"Seminario aragonés de sociolingüística"}]},{"@type":"WebSite","@id":"https:\/\/soziolinguistika.eus\/eu\/#website","url":"https:\/\/soziolinguistika.eus\/eu\/","name":"Soziolinguistika Klusterra","description":"Euskara biziberritzeko ikergunea","potentialAction":[{"@type":"SearchAction","target":{"@type":"EntryPoint","urlTemplate":"https:\/\/soziolinguistika.eus\/eu\/?s={search_term_string}"},"query-input":{"@type":"PropertyValueSpecification","valueRequired":true,"valueName":"search_term_string"}}],"inLanguage":"eu"}]}</script>
<!-- / Yoast SEO plugin. -->

Seminario aragonés de sociolingüística - Soziolinguistika Klusterra
