{"id":23741,"date":"2022-05-10T13:50:54","date_gmt":"2022-05-10T12:50:54","guid":{"rendered":"https:\/\/soziolinguistika.eus\/ekitaldia\/seminario-aragones-de-sociolinguistica-2\/"},"modified":"2022-05-10T13:50:54","modified_gmt":"2022-05-10T12:50:54","slug":"seminario-aragones-de-sociolinguistica-2","status":"publish","type":"ekitaldia","link":"https:\/\/soziolinguistika.eus\/fr\/ekitaldia\/seminario-aragones-de-sociolinguistica-2\/","title":{"rendered":"Seminario aragon\u00e9s de socioling\u00fc\u00edstica"},"content":{"rendered":"<p>Il s&#039;agit d&#039;un s&eacute;minaire de sociologues qui travaillent dans le domaine de l&#039;&eacute;tude des deux langues minoritaires de la r&eacute;gion d&#039;Aragon, le catalan et l&#039;aragonais. Nous avons men&eacute; jusqu&#039;ici trois recherches : une analyse du recensement 2011 dans lequel nous analysons le nombre de parlants des deux langues, un rapport sur les usages des langues propres dans la campagne &eacute;lectorale par les partis politiques et nous avons collabor&eacute; pour exploiter une enqu&ecirc;te dans le domaine du catalan (2014).<br \/>\n&nbsp;<br \/>\n&Eacute;tant donn&eacute; que l&#039;Aragon est un territoire avec plusieurs langues et plusieurs cultures, cette r&eacute;alit&eacute; culturelle implique des r&eacute;alit&eacute;s sociales complexes. C&#039;est pourquoi le s&eacute;minaire de sociologues et sociolinguistes consacre tous ses efforts d&#039;une part &agrave; analyser et divulguer la situation des deux langues cit&eacute;es en Aragon et, d&#039;autre part, &agrave; organiser des rencontres, des conf&eacute;rences et des cours pour enseigner des techniques d&#039;&eacute;tude dans le domaine de la sociologie et de la sociolinguistique.<br \/>\n&nbsp;<br \/>\nLe s&eacute;minaire est sensible &agrave; l&#039;impact des politiques publiques dans les communaut&eacute;s bilingues d&#039;Aragon : celle du catalan et celle de l&#039;aragonais, et travaille pour cr&eacute;er des connaissances sur la situation sociolinguistique d&#039;Aragon &#8211; puisque celle-ci est absolument sujette aux droits vis&eacute;s par la l&eacute;gislation &#8211; pour faire en sorte que la gestion actuelle et future du plurilinguisme refl&egrave;te avec beaucoup plus de respect la diversit&eacute; culturelle et linguistique aragonaise.<\/p>\n","protected":false},"excerpt":{"rendered":"<p>Il s&#039;agit d&#039;un s&eacute;minaire de sociologues qui travaillent dans le domaine de l&#039;&eacute;tude des deux langues minoritaires de la r&eacute;gion d&#039;Aragon, le catalan et l&#039;aragonais. Nous avons men&eacute; jusqu&#039;ici trois recherches : une analyse du recensement 2011 dans lequel nous analysons le nombre de parlants des deux langues, un rapport sur les usages des langues&#8230;<\/p>\n","protected":false},"featured_media":0,"template":"","class_list":["post-23741","ekitaldia","type-ekitaldia","status-publish","hentry"],"acf":[],"yoast_head":"<!-- This site is optimized with the Yoast SEO plugin v27.3 - https:\/\/yoast.com\/product\/yoast-seo-wordpress\/ -->\n<title>Seminario aragon\u00e9s de socioling\u00fc\u00edstica - Soziolinguistika Klusterra<\/title>\n<meta name=\"robots\" content=\"index, follow, max-snippet:-1, max-image-preview:large, max-video-preview:-1\" \/>\n<link rel=\"canonical\" href=\"https:\/\/soziolinguistika.eus\/fr\/ekitaldia\/seminario-aragones-de-sociolinguistica-2\/\" \/>\n<meta property=\"og:locale\" content=\"fr_FR\" \/>\n<meta property=\"og:type\" content=\"article\" \/>\n<meta property=\"og:title\" content=\"Seminario aragon\u00e9s de socioling\u00fc\u00edstica - Soziolinguistika Klusterra\" \/>\n<meta property=\"og:description\" content=\"Il s&#039;agit d&#039;un s&eacute;minaire de sociologues qui travaillent dans le domaine de l&#039;&eacute;tude des deux langues minoritaires de la r&eacute;gion d&#039;Aragon, le catalan et l&#039;aragonais. Nous avons men&eacute; jusqu&#039;ici trois recherches : une analyse du recensement 2011 dans lequel nous analysons le nombre de parlants des deux langues, un rapport sur les usages des langues...\" \/>\n<meta property=\"og:url\" content=\"https:\/\/soziolinguistika.eus\/fr\/ekitaldia\/seminario-aragones-de-sociolinguistica-2\/\" \/>\n<meta property=\"og:site_name\" content=\"Soziolinguistika Klusterra\" \/>\n<meta name=\"twitter:card\" content=\"summary_large_image\" \/>\n<meta name=\"twitter:label1\" content=\"Dur\u00e9e de lecture estim\u00e9e\" \/>\n\t<meta name=\"twitter:data1\" content=\"1 minute\" \/>\n<script type=\"application\/ld+json\" class=\"yoast-schema-graph\">{\"@context\":\"https:\\\/\\\/schema.org\",\"@graph\":[{\"@type\":\"WebPage\",\"@id\":\"https:\\\/\\\/soziolinguistika.eus\\\/fr\\\/ekitaldia\\\/seminario-aragones-de-sociolinguistica-2\\\/\",\"url\":\"https:\\\/\\\/soziolinguistika.eus\\\/fr\\\/ekitaldia\\\/seminario-aragones-de-sociolinguistica-2\\\/\",\"name\":\"Seminario aragon\u00e9s de socioling\u00fc\u00edstica - Soziolinguistika Klusterra\",\"isPartOf\":{\"@id\":\"https:\\\/\\\/soziolinguistika.eus\\\/fr\\\/#website\"},\"datePublished\":\"2022-05-10T12:50:54+00:00\",\"breadcrumb\":{\"@id\":\"https:\\\/\\\/soziolinguistika.eus\\\/fr\\\/ekitaldia\\\/seminario-aragones-de-sociolinguistica-2\\\/#breadcrumb\"},\"inLanguage\":\"fr-FR\",\"potentialAction\":[{\"@type\":\"ReadAction\",\"target\":[\"https:\\\/\\\/soziolinguistika.eus\\\/fr\\\/ekitaldia\\\/seminario-aragones-de-sociolinguistica-2\\\/\"]}]},{\"@type\":\"BreadcrumbList\",\"@id\":\"https:\\\/\\\/soziolinguistika.eus\\\/fr\\\/ekitaldia\\\/seminario-aragones-de-sociolinguistica-2\\\/#breadcrumb\",\"itemListElement\":[{\"@type\":\"ListItem\",\"position\":1,\"name\":\"Soziolinguistika klusterra\",\"item\":\"https:\\\/\\\/soziolinguistika.eus\\\/fr\\\/\"},{\"@type\":\"ListItem\",\"position\":2,\"name\":\"Seminario aragon\u00e9s de socioling\u00fc\u00edstica\"}]},{\"@type\":\"WebSite\",\"@id\":\"https:\\\/\\\/soziolinguistika.eus\\\/fr\\\/#website\",\"url\":\"https:\\\/\\\/soziolinguistika.eus\\\/fr\\\/\",\"name\":\"Soziolinguistika Klusterra\",\"description\":\"Euskara biziberritzeko ikergunea\",\"potentialAction\":[{\"@type\":\"SearchAction\",\"target\":{\"@type\":\"EntryPoint\",\"urlTemplate\":\"https:\\\/\\\/soziolinguistika.eus\\\/fr\\\/?s={search_term_string}\"},\"query-input\":{\"@type\":\"PropertyValueSpecification\",\"valueRequired\":true,\"valueName\":\"search_term_string\"}}],\"inLanguage\":\"fr-FR\"}]}<\/script>\n<!-- \/ Yoast SEO plugin. -->","yoast_head_json":{"title":"Seminario aragon\u00e9s de socioling\u00fc\u00edstica - Soziolinguistika Klusterra","robots":{"index":"index","follow":"follow","max-snippet":"max-snippet:-1","max-image-preview":"max-image-preview:large","max-video-preview":"max-video-preview:-1"},"canonical":"https:\/\/soziolinguistika.eus\/fr\/ekitaldia\/seminario-aragones-de-sociolinguistica-2\/","og_locale":"fr_FR","og_type":"article","og_title":"Seminario aragon\u00e9s de socioling\u00fc\u00edstica - Soziolinguistika Klusterra","og_description":"Il s&#039;agit d&#039;un s&eacute;minaire de sociologues qui travaillent dans le domaine de l&#039;&eacute;tude des deux langues minoritaires de la r&eacute;gion d&#039;Aragon, le catalan et l&#039;aragonais. Nous avons men&eacute; jusqu&#039;ici trois recherches : une analyse du recensement 2011 dans lequel nous analysons le nombre de parlants des deux langues, un rapport sur les usages des langues...","og_url":"https:\/\/soziolinguistika.eus\/fr\/ekitaldia\/seminario-aragones-de-sociolinguistica-2\/","og_site_name":"Soziolinguistika Klusterra","twitter_card":"summary_large_image","twitter_misc":{"Dur\u00e9e de lecture estim\u00e9e":"1 minute"},"schema":{"@context":"https:\/\/schema.org","@graph":[{"@type":"WebPage","@id":"https:\/\/soziolinguistika.eus\/fr\/ekitaldia\/seminario-aragones-de-sociolinguistica-2\/","url":"https:\/\/soziolinguistika.eus\/fr\/ekitaldia\/seminario-aragones-de-sociolinguistica-2\/","name":"Seminario aragon\u00e9s de socioling\u00fc\u00edstica - Soziolinguistika Klusterra","isPartOf":{"@id":"https:\/\/soziolinguistika.eus\/fr\/#website"},"datePublished":"2022-05-10T12:50:54+00:00","breadcrumb":{"@id":"https:\/\/soziolinguistika.eus\/fr\/ekitaldia\/seminario-aragones-de-sociolinguistica-2\/#breadcrumb"},"inLanguage":"fr-FR","potentialAction":[{"@type":"ReadAction","target":["https:\/\/soziolinguistika.eus\/fr\/ekitaldia\/seminario-aragones-de-sociolinguistica-2\/"]}]},{"@type":"BreadcrumbList","@id":"https:\/\/soziolinguistika.eus\/fr\/ekitaldia\/seminario-aragones-de-sociolinguistica-2\/#breadcrumb","itemListElement":[{"@type":"ListItem","position":1,"name":"Soziolinguistika klusterra","item":"https:\/\/soziolinguistika.eus\/fr\/"},{"@type":"ListItem","position":2,"name":"Seminario aragon\u00e9s de socioling\u00fc\u00edstica"}]},{"@type":"WebSite","@id":"https:\/\/soziolinguistika.eus\/fr\/#website","url":"https:\/\/soziolinguistika.eus\/fr\/","name":"Soziolinguistika Klusterra","description":"Euskara biziberritzeko ikergunea","potentialAction":[{"@type":"SearchAction","target":{"@type":"EntryPoint","urlTemplate":"https:\/\/soziolinguistika.eus\/fr\/?s={search_term_string}"},"query-input":{"@type":"PropertyValueSpecification","valueRequired":true,"valueName":"search_term_string"}}],"inLanguage":"fr-FR"}]}},"_links":{"self":[{"href":"https:\/\/soziolinguistika.eus\/fr\/wp-json\/wp\/v2\/ekitaldia\/23741","targetHints":{"allow":["GET"]}}],"collection":[{"href":"https:\/\/soziolinguistika.eus\/fr\/wp-json\/wp\/v2\/ekitaldia"}],"about":[{"href":"https:\/\/soziolinguistika.eus\/fr\/wp-json\/wp\/v2\/types\/ekitaldia"}],"wp:attachment":[{"href":"https:\/\/soziolinguistika.eus\/fr\/wp-json\/wp\/v2\/media?parent=23741"}],"curies":[{"name":"wp","href":"https:\/\/api.w.org\/{rel}","templated":true}]}}

Seminario aragonés de sociolingüística

<!-- This site is optimized with the Yoast SEO plugin v27.3 - https://yoast.com/product/yoast-seo-wordpress/ -->
<title>Seminario aragonés de sociolingüística - Soziolinguistika Klusterra</title>
<meta name="robots" content="index, follow, max-snippet:-1, max-image-preview:large, max-video-preview:-1" />
<link rel="canonical" href="https://soziolinguistika.eus/fr/ekitaldia/seminario-aragones-de-sociolinguistica-2/" />
<meta property="og:locale" content="fr_FR" />
<meta property="og:type" content="article" />
<meta property="og:title" content="Seminario aragonés de sociolingüística - Soziolinguistika Klusterra" />
<meta property="og:description" content="Il s&#039;agit d&#039;un s&eacute;minaire de sociologues qui travaillent dans le domaine de l&#039;&eacute;tude des deux langues minoritaires de la r&eacute;gion d&#039;Aragon, le catalan et l&#039;aragonais. Nous avons men&eacute; jusqu&#039;ici trois recherches : une analyse du recensement 2011 dans lequel nous analysons le nombre de parlants des deux langues, un rapport sur les usages des langues..." />
<meta property="og:url" content="https://soziolinguistika.eus/fr/ekitaldia/seminario-aragones-de-sociolinguistica-2/" />
<meta property="og:site_name" content="Soziolinguistika Klusterra" />
<meta name="twitter:card" content="summary_large_image" />
<meta name="twitter:label1" content="Durée de lecture estimée" />
	<meta name="twitter:data1" content="1 minute" />
<script type="application/ld+json" class="yoast-schema-graph">{"@context":"https:\/\/schema.org","@graph":[{"@type":"WebPage","@id":"https:\/\/soziolinguistika.eus\/fr\/ekitaldia\/seminario-aragones-de-sociolinguistica-2\/","url":"https:\/\/soziolinguistika.eus\/fr\/ekitaldia\/seminario-aragones-de-sociolinguistica-2\/","name":"Seminario aragonés de sociolingüística - Soziolinguistika Klusterra","isPartOf":{"@id":"https:\/\/soziolinguistika.eus\/fr\/#website"},"datePublished":"2022-05-10T12:50:54+00:00","breadcrumb":{"@id":"https:\/\/soziolinguistika.eus\/fr\/ekitaldia\/seminario-aragones-de-sociolinguistica-2\/#breadcrumb"},"inLanguage":"fr-FR","potentialAction":[{"@type":"ReadAction","target":["https:\/\/soziolinguistika.eus\/fr\/ekitaldia\/seminario-aragones-de-sociolinguistica-2\/"]}]},{"@type":"BreadcrumbList","@id":"https:\/\/soziolinguistika.eus\/fr\/ekitaldia\/seminario-aragones-de-sociolinguistica-2\/#breadcrumb","itemListElement":[{"@type":"ListItem","position":1,"name":"Soziolinguistika klusterra","item":"https:\/\/soziolinguistika.eus\/fr\/"},{"@type":"ListItem","position":2,"name":"Seminario aragonés de sociolingüística"}]},{"@type":"WebSite","@id":"https:\/\/soziolinguistika.eus\/fr\/#website","url":"https:\/\/soziolinguistika.eus\/fr\/","name":"Soziolinguistika Klusterra","description":"Euskara biziberritzeko ikergunea","potentialAction":[{"@type":"SearchAction","target":{"@type":"EntryPoint","urlTemplate":"https:\/\/soziolinguistika.eus\/fr\/?s={search_term_string}"},"query-input":{"@type":"PropertyValueSpecification","valueRequired":true,"valueName":"search_term_string"}}],"inLanguage":"fr-FR"}]}</script>
<!-- / Yoast SEO plugin. -->

Seminario aragonés de sociolingüística - Soziolinguistika Klusterra
