{"id":23793,"date":"2022-05-10T13:53:44","date_gmt":"2022-05-10T12:53:44","guid":{"rendered":"https:\/\/soziolinguistika.eus\/ekitaldia\/aita-2\/"},"modified":"2024-12-17T15:32:09","modified_gmt":"2024-12-17T14:32:09","slug":"aita-2","status":"publish","type":"ekitaldia","link":"https:\/\/soziolinguistika.eus\/fr\/ekitaldia\/aita-2\/","title":{"rendered":"Ai&rsquo;ta"},"content":{"rendered":"<p>Ai\u2019ta\u00a0! est un collectif militant utilisant les techniques de la d\u00e9sob\u00e9issance civile pour faire progresser la place de la langue bretonne dans la soci\u00e9t\u00e9. Nous faisons des courriers, des r\u00e9unions, des campagnes de mobilisation (p\u00e9titions, die-in, votations, blocage\u2026), des \u00e9v\u00e9nements p\u00e9dagogiques ou festifs\u2026<\/p>\n<p>Ai\u2019ta ! est un collectif dont l\u2019objectif principal est de d\u00e9fendre et promouvoir la langue bretonne et faire en sorte qu\u2019elle reste une langue vivante dans tous les aspects de la soci\u00e9t\u00e9. Pour cela, il est indispensable de permettre \u00e0 toutes et \u00e0 tous de voir, d\u2019entendre et de parler breton dans la vie publique\u2026 Une langue que l\u2019on ne peut utiliser dans la vie de tous les jours est une langue que l\u2019on condamne \u00e0 mort, c\u2019est pourquoi nous demandons \u00e0 ce que la langue bretonne, et celles et ceux qui la parlent, soient respect\u00e9s partout en Bretagne. Ainsi,\u00a0l\u2019officialisation de notre langue est indispensable.<\/p>\n<p>En attendant cette \u00e9tape incontournable sur le chemin de la r\u00e9appropriation de la langue bretonne par les Bretons, le collectif ne manque pas d\u2019imagination et met en place de nombreuses actions pour informer le plus grand nombre et d\u00e9velopper la place accord\u00e9e au breton dans la soci\u00e9t\u00e9. Mais toujours, et c\u2019est important, dans la bonne humeur, avec un esprit ludique, le respect des usagers et souvent leur soutien. En effet, Ai\u2019ta ! a choisi la non-violence active pour s\u2019exprimer et se faire entendre.<\/p>\n","protected":false},"excerpt":{"rendered":"<p>Ai\u2019ta\u00a0! est un collectif militant utilisant les techniques de la d\u00e9sob\u00e9issance civile pour faire progresser la place de la langue bretonne dans la soci\u00e9t\u00e9. Nous faisons des courriers, des r\u00e9unions, des campagnes de mobilisation (p\u00e9titions, die-in, votations, blocage\u2026), des \u00e9v\u00e9nements p\u00e9dagogiques ou festifs\u2026 Ai\u2019ta ! est un collectif dont l\u2019objectif principal est de d\u00e9fendre et&#8230;<\/p>\n","protected":false},"featured_media":0,"template":"","class_list":["post-23793","ekitaldia","type-ekitaldia","status-publish","hentry"],"acf":[],"yoast_head":"<!-- This site is optimized with the Yoast SEO plugin v27.3 - https:\/\/yoast.com\/product\/yoast-seo-wordpress\/ -->\n<title>Ai&#039;ta - Soziolinguistika Klusterra<\/title>\n<meta name=\"robots\" content=\"index, follow, max-snippet:-1, max-image-preview:large, max-video-preview:-1\" \/>\n<link rel=\"canonical\" href=\"https:\/\/soziolinguistika.eus\/fr\/ekitaldia\/aita-2\/\" \/>\n<meta property=\"og:locale\" content=\"fr_FR\" \/>\n<meta property=\"og:type\" content=\"article\" \/>\n<meta property=\"og:title\" content=\"Ai&#039;ta - Soziolinguistika Klusterra\" \/>\n<meta property=\"og:description\" content=\"Ai\u2019ta\u00a0! est un collectif militant utilisant les techniques de la d\u00e9sob\u00e9issance civile pour faire progresser la place de la langue bretonne dans la soci\u00e9t\u00e9. Nous faisons des courriers, des r\u00e9unions, des campagnes de mobilisation (p\u00e9titions, die-in, votations, blocage\u2026), des \u00e9v\u00e9nements p\u00e9dagogiques ou festifs\u2026 Ai\u2019ta ! est un collectif dont l\u2019objectif principal est de d\u00e9fendre et...\" \/>\n<meta property=\"og:url\" content=\"https:\/\/soziolinguistika.eus\/fr\/ekitaldia\/aita-2\/\" \/>\n<meta property=\"og:site_name\" content=\"Soziolinguistika Klusterra\" \/>\n<meta property=\"article:modified_time\" content=\"2024-12-17T14:32:09+00:00\" \/>\n<meta name=\"twitter:card\" content=\"summary_large_image\" \/>\n<meta name=\"twitter:label1\" content=\"Dur\u00e9e de lecture estim\u00e9e\" \/>\n\t<meta name=\"twitter:data1\" content=\"2 minutes\" \/>\n<script type=\"application\/ld+json\" class=\"yoast-schema-graph\">{\"@context\":\"https:\\\/\\\/schema.org\",\"@graph\":[{\"@type\":\"WebPage\",\"@id\":\"https:\\\/\\\/soziolinguistika.eus\\\/fr\\\/ekitaldia\\\/aita-2\\\/\",\"url\":\"https:\\\/\\\/soziolinguistika.eus\\\/fr\\\/ekitaldia\\\/aita-2\\\/\",\"name\":\"Ai'ta - Soziolinguistika Klusterra\",\"isPartOf\":{\"@id\":\"https:\\\/\\\/soziolinguistika.eus\\\/fr\\\/#website\"},\"datePublished\":\"2022-05-10T12:53:44+00:00\",\"dateModified\":\"2024-12-17T14:32:09+00:00\",\"breadcrumb\":{\"@id\":\"https:\\\/\\\/soziolinguistika.eus\\\/fr\\\/ekitaldia\\\/aita-2\\\/#breadcrumb\"},\"inLanguage\":\"fr-FR\",\"potentialAction\":[{\"@type\":\"ReadAction\",\"target\":[\"https:\\\/\\\/soziolinguistika.eus\\\/fr\\\/ekitaldia\\\/aita-2\\\/\"]}]},{\"@type\":\"BreadcrumbList\",\"@id\":\"https:\\\/\\\/soziolinguistika.eus\\\/fr\\\/ekitaldia\\\/aita-2\\\/#breadcrumb\",\"itemListElement\":[{\"@type\":\"ListItem\",\"position\":1,\"name\":\"Soziolinguistika klusterra\",\"item\":\"https:\\\/\\\/soziolinguistika.eus\\\/fr\\\/\"},{\"@type\":\"ListItem\",\"position\":2,\"name\":\"Ai&#8217;ta\"}]},{\"@type\":\"WebSite\",\"@id\":\"https:\\\/\\\/soziolinguistika.eus\\\/fr\\\/#website\",\"url\":\"https:\\\/\\\/soziolinguistika.eus\\\/fr\\\/\",\"name\":\"Soziolinguistika Klusterra\",\"description\":\"Euskara biziberritzeko ikergunea\",\"potentialAction\":[{\"@type\":\"SearchAction\",\"target\":{\"@type\":\"EntryPoint\",\"urlTemplate\":\"https:\\\/\\\/soziolinguistika.eus\\\/fr\\\/?s={search_term_string}\"},\"query-input\":{\"@type\":\"PropertyValueSpecification\",\"valueRequired\":true,\"valueName\":\"search_term_string\"}}],\"inLanguage\":\"fr-FR\"}]}<\/script>\n<!-- \/ Yoast SEO plugin. -->","yoast_head_json":{"title":"Ai'ta - Soziolinguistika Klusterra","robots":{"index":"index","follow":"follow","max-snippet":"max-snippet:-1","max-image-preview":"max-image-preview:large","max-video-preview":"max-video-preview:-1"},"canonical":"https:\/\/soziolinguistika.eus\/fr\/ekitaldia\/aita-2\/","og_locale":"fr_FR","og_type":"article","og_title":"Ai'ta - Soziolinguistika Klusterra","og_description":"Ai\u2019ta\u00a0! est un collectif militant utilisant les techniques de la d\u00e9sob\u00e9issance civile pour faire progresser la place de la langue bretonne dans la soci\u00e9t\u00e9. Nous faisons des courriers, des r\u00e9unions, des campagnes de mobilisation (p\u00e9titions, die-in, votations, blocage\u2026), des \u00e9v\u00e9nements p\u00e9dagogiques ou festifs\u2026 Ai\u2019ta ! est un collectif dont l\u2019objectif principal est de d\u00e9fendre et...","og_url":"https:\/\/soziolinguistika.eus\/fr\/ekitaldia\/aita-2\/","og_site_name":"Soziolinguistika Klusterra","article_modified_time":"2024-12-17T14:32:09+00:00","twitter_card":"summary_large_image","twitter_misc":{"Dur\u00e9e de lecture estim\u00e9e":"2 minutes"},"schema":{"@context":"https:\/\/schema.org","@graph":[{"@type":"WebPage","@id":"https:\/\/soziolinguistika.eus\/fr\/ekitaldia\/aita-2\/","url":"https:\/\/soziolinguistika.eus\/fr\/ekitaldia\/aita-2\/","name":"Ai'ta - Soziolinguistika Klusterra","isPartOf":{"@id":"https:\/\/soziolinguistika.eus\/fr\/#website"},"datePublished":"2022-05-10T12:53:44+00:00","dateModified":"2024-12-17T14:32:09+00:00","breadcrumb":{"@id":"https:\/\/soziolinguistika.eus\/fr\/ekitaldia\/aita-2\/#breadcrumb"},"inLanguage":"fr-FR","potentialAction":[{"@type":"ReadAction","target":["https:\/\/soziolinguistika.eus\/fr\/ekitaldia\/aita-2\/"]}]},{"@type":"BreadcrumbList","@id":"https:\/\/soziolinguistika.eus\/fr\/ekitaldia\/aita-2\/#breadcrumb","itemListElement":[{"@type":"ListItem","position":1,"name":"Soziolinguistika klusterra","item":"https:\/\/soziolinguistika.eus\/fr\/"},{"@type":"ListItem","position":2,"name":"Ai&#8217;ta"}]},{"@type":"WebSite","@id":"https:\/\/soziolinguistika.eus\/fr\/#website","url":"https:\/\/soziolinguistika.eus\/fr\/","name":"Soziolinguistika Klusterra","description":"Euskara biziberritzeko ikergunea","potentialAction":[{"@type":"SearchAction","target":{"@type":"EntryPoint","urlTemplate":"https:\/\/soziolinguistika.eus\/fr\/?s={search_term_string}"},"query-input":{"@type":"PropertyValueSpecification","valueRequired":true,"valueName":"search_term_string"}}],"inLanguage":"fr-FR"}]}},"_links":{"self":[{"href":"https:\/\/soziolinguistika.eus\/fr\/wp-json\/wp\/v2\/ekitaldia\/23793","targetHints":{"allow":["GET"]}}],"collection":[{"href":"https:\/\/soziolinguistika.eus\/fr\/wp-json\/wp\/v2\/ekitaldia"}],"about":[{"href":"https:\/\/soziolinguistika.eus\/fr\/wp-json\/wp\/v2\/types\/ekitaldia"}],"wp:attachment":[{"href":"https:\/\/soziolinguistika.eus\/fr\/wp-json\/wp\/v2\/media?parent=23793"}],"curies":[{"name":"wp","href":"https:\/\/api.w.org\/{rel}","templated":true}]}}

<p>Ai’ta ! est un collectif militant utilisant les techniques de la désobéissance civile pour faire progresser la place de la langue bretonne dans la société. Nous faisons des courriers, des réunions, des campagnes de mobilisation (pétitions, die-in, votations, blocage…), des événements pédagogiques ou festifs…</p>
<p>Ai’ta ! est un collectif dont l’objectif principal est de défendre et promouvoir la langue bretonne et faire en sorte qu’elle reste une langue vivante dans tous les aspects de la société. Pour cela, il est indispensable de permettre à toutes et à tous de voir, d’entendre et de parler breton dans la vie publique… Une langue que l’on ne peut utiliser dans la vie de tous les jours est une langue que l’on condamne à mort, c’est pourquoi nous demandons à ce que la langue bretonne, et celles et ceux qui la parlent, soient respectés partout en Bretagne. Ainsi, l’officialisation de notre langue est indispensable.</p>
<p>En attendant cette étape incontournable sur le chemin de la réappropriation de la langue bretonne par les Bretons, le collectif ne manque pas d’imagination et met en place de nombreuses actions pour informer le plus grand nombre et développer la place accordée au breton dans la société. Mais toujours, et c’est important, dans la bonne humeur, avec un esprit ludique, le respect des usagers et souvent leur soutien. En effet, Ai’ta ! a choisi la non-violence active pour s’exprimer et se faire entendre.</p>

<p>Ai’ta ! est un collectif militant utilisant les techniques de la désobéissance civile pour faire progresser la place de la langue bretonne dans la société. Nous faisons des courriers, des réunions, des campagnes de mobilisation (pétitions, die-in, votations, blocage…), des événements pédagogiques ou festifs… Ai’ta ! est un collectif dont l’objectif principal est de défendre et&#8230;</p>

<!-- This site is optimized with the Yoast SEO plugin v27.3 - https://yoast.com/product/yoast-seo-wordpress/ -->
<title>Ai&#039;ta - Soziolinguistika Klusterra</title>
<meta name="robots" content="index, follow, max-snippet:-1, max-image-preview:large, max-video-preview:-1" />
<link rel="canonical" href="https://soziolinguistika.eus/fr/ekitaldia/aita-2/" />
<meta property="og:locale" content="fr_FR" />
<meta property="og:type" content="article" />
<meta property="og:title" content="Ai&#039;ta - Soziolinguistika Klusterra" />
<meta property="og:description" content="Ai’ta ! est un collectif militant utilisant les techniques de la désobéissance civile pour faire progresser la place de la langue bretonne dans la société. Nous faisons des courriers, des réunions, des campagnes de mobilisation (pétitions, die-in, votations, blocage…), des événements pédagogiques ou festifs… Ai’ta ! est un collectif dont l’objectif principal est de défendre et..." />
<meta property="og:url" content="https://soziolinguistika.eus/fr/ekitaldia/aita-2/" />
<meta property="og:site_name" content="Soziolinguistika Klusterra" />
<meta property="article:modified_time" content="2024-12-17T14:32:09+00:00" />
<meta name="twitter:card" content="summary_large_image" />
<meta name="twitter:label1" content="Durée de lecture estimée" />
	<meta name="twitter:data1" content="2 minutes" />
<script type="application/ld+json" class="yoast-schema-graph">{"@context":"https:\/\/schema.org","@graph":[{"@type":"WebPage","@id":"https:\/\/soziolinguistika.eus\/fr\/ekitaldia\/aita-2\/","url":"https:\/\/soziolinguistika.eus\/fr\/ekitaldia\/aita-2\/","name":"Ai'ta - Soziolinguistika Klusterra","isPartOf":{"@id":"https:\/\/soziolinguistika.eus\/fr\/#website"},"datePublished":"2022-05-10T12:53:44+00:00","dateModified":"2024-12-17T14:32:09+00:00","breadcrumb":{"@id":"https:\/\/soziolinguistika.eus\/fr\/ekitaldia\/aita-2\/#breadcrumb"},"inLanguage":"fr-FR","potentialAction":[{"@type":"ReadAction","target":["https:\/\/soziolinguistika.eus\/fr\/ekitaldia\/aita-2\/"]}]},{"@type":"BreadcrumbList","@id":"https:\/\/soziolinguistika.eus\/fr\/ekitaldia\/aita-2\/#breadcrumb","itemListElement":[{"@type":"ListItem","position":1,"name":"Soziolinguistika klusterra","item":"https:\/\/soziolinguistika.eus\/fr\/"},{"@type":"ListItem","position":2,"name":"Ai&#8217;ta"}]},{"@type":"WebSite","@id":"https:\/\/soziolinguistika.eus\/fr\/#website","url":"https:\/\/soziolinguistika.eus\/fr\/","name":"Soziolinguistika Klusterra","description":"Euskara biziberritzeko ikergunea","potentialAction":[{"@type":"SearchAction","target":{"@type":"EntryPoint","urlTemplate":"https:\/\/soziolinguistika.eus\/fr\/?s={search_term_string}"},"query-input":{"@type":"PropertyValueSpecification","valueRequired":true,"valueName":"search_term_string"}}],"inLanguage":"fr-FR"}]}</script>
<!-- / Yoast SEO plugin. -->

Ai’ta ! est un collectif militant utilisant les techniques de la désobéissance civile pour faire progresser la place de la langue bretonne dans la société. Nous faisons des courriers, des réunions, des campagnes de mobilisation (pétitions, die-in, votations, blocage…), des événements pédagogiques ou festifs… Ai’ta ! est un collectif dont l’objectif principal est de défendre et...
